= 44 - b. Let r(k) = -k**3 + 1. Let z be r(-1). What is the highest common factor of u and z?
2
Suppose 0 = -3*p - r + 588, 28*p - 29*p + 196 = -5*r. What is the greatest common divisor of 644 and p?
28
Suppose 2*n = 4*c - 46, -15*n - 9 = -18*n. Let s(l) = -l**3 + 16*l**2 - 17*l + 2. Let b be s(c). What is the highest common divisor of b and 36?
36
Let m(p) = p**3 - 15*p**2 + 21*p + 17. Let x be m(13). Let c = x + 65. Let v(b) = -4*b + 3. Let z be v(-12). What is the greatest common divisor of c and z?
17
Let h be (148/20 - 5)/((-2)/(-60)). Let x = h - 64. Suppose -3 = -3*a, -20 = -v + 4*a - x*a. Calculate the highest common divisor of 4 and v.
4
Let q be -1 + 8/((-176)/(-6787))*20. Calculate the greatest common factor of q and 124.
31
Let k(u) = -5*u**2 + 192*u - 145. Let a be k(37). What is the highest common factor of 1311 and a?
57
Suppose 27 = 13*n - 10*n. Suppose -2 + n = m. What is the greatest common divisor of m and 42?
7
Suppose -44 = 3*a + 8*a. Let u be 3972/(-48) + (-3)/a + -1. Let k = 37 - u. Calculate the greatest common divisor of k and 6.
6
Let x = 33 + -13. Let m = 40 - x. Let u be m/(-8)*(-66)/15. Calculate the greatest common divisor of u and 22.
11
Let d = 19706 - 19342. Calculate the greatest common divisor of d and 767.
13
Let b be (-21)/6*(5 - (33 - 2)). Suppose -3*i + b = -2*c, -4*c = 2*i - 21 - 29. Let m be 3/(1/(29*1)). Calculate the greatest common factor of m and i.
29
Suppose 0 = 5*i - 3*h - 624, -2*i - 9*h + 4*h = -262. What is the highest common divisor of 2394 and i?
126
Suppose 5*m + 953 = 5*c + 138, c - 3*m = 179. What is the greatest common divisor of 899 and c?
31
Let t be (-3994)/(-38) + (-10 - 590/190) + 13. Calculate the highest common divisor of 8715 and t.
105
Let h(b) = b**3 - 20*b**2 + 79*b - 10. Let q be h(15). Let j(z) = -z**3 + 4*z**2 + 4*z - 1. Let r be j(3). What is the greatest common divisor of r and q?
10
Let o(s) = 12998*s - 2618. Let l be o(1). Calculate the greatest common factor of 180 and l.
60
Suppose 5*r = -2*l - 27 + 9, 2*l - 14 = 3*r. What is the greatest common factor of 151 and l?
1
Let z(n) = n**2 - 4. Let q be z(-3). Let v be (3 + 11/(-77))/(2 + (-1548)/777). Suppose -q*g + v = -390. What is the highest common factor of g and 19?
19
Let c be 2/(-4)*((-144)/78 + 56/(-364)). Calculate the highest common divisor of c and 881.
1
Suppose -4*k - 22 = m, 3*k = -2*m - 32 + 13. Let n = -112 - -418. Let q be (k + -1)*(2 + n/(-27)). Calculate the highest common factor of 7 and q.
7
Let b be 6 - (-14 - 395) - 28/12*3. What is the greatest common divisor of b and 264?
24
Let d be (-744)/(-5)*540/162. Calculate the greatest common divisor of d and 32.
16
Suppose 12 - 694 = -31*o. Let v be (-3)/(-9) + 1450/6. Calculate the highest common factor of o and v.
22
Let q(w) = -63*w**3 - w**2 + w + 2. Let v(o) = -6 - 1 - 2 + o + 2. Let j be v(6). Let s be q(j). What is the highest common divisor of s and 9?
9
Let k(n) = 10*n**2 + 164*n + 13. Let a be k(-17). Calculate the highest common divisor of a and 25.
5
Let z be 152/4 - (0 + 0/1). Let v(f) = 7*f**2 + 10*f - 7. Let t = -13 - -6. Let k be v(t). What is the greatest common factor of k and z?
38
Suppose -53*k + 302*k - 20145 = 12*k. Calculate the highest common factor of 350 and k.
5
Let h(n) = 31*n**2 - 2*n - 3. Let w be h(-2). Suppose 3*j - 85 = w. Calculate the highest common factor of j and 10.
10
Suppose r - 10 = 68. Let i be ((-7)/(-8) + (-5)/10)*-8*-169. What is the greatest common divisor of r and i?
39
Let s = 10 - 8. Let w = 31 + -2. Suppose w = 9*g - 43. What is the greatest common divisor of s and g?
2
Suppose -2*k + 41*i + 421 = 36*i, -k + 209 = -4*i. What is the greatest common factor of 355 and k?
71
Let i be (119 + -112)*14/1. What is the highest common factor of 3283 and i?
49
Let w = -27040 - -27046. Let u(m) = -m**2 + 0*m**2 - 1 - 2*m - 3*m. Let o be u(-4). What is the greatest common divisor of o and w?
3
Suppose -k = 4*f - 1936, -5*k + 18*f + 9728 = 14*f. Calculate the highest common factor of 24 and k.
24
Let x(m) = 48*m + 96. Let l(j) = 47*j + 100. Let p(h) = 3*l(h) - 2*x(h). Let c be p(9). What is the greatest common divisor of c and 27?
27
Let f = -1631 + 1686. Calculate the greatest common divisor of f and 2915.
55
Let s(l) = -20*l**2 + 236*l + 18. Let v be s(10). Calculate the greatest common factor of v and 81.
27
Let z be -4 - ((-1145)/2 + ((-63)/(-6) - 10)). What is the greatest common factor of 64 and z?
8
Let l be 148 + (-2)/((-8)/(-12)*-1). Let n = l + -101. What is the highest common divisor of 450 and n?
50
Let s be 6/(23/((-195776)/(-48))). What is the highest common factor of s and 14630?
266
Let m(t) = 47*t**2 - 6*t + 20. Let n be ((-24)/(-9))/(26/39). Let y be m(n). What is the highest common divisor of y and 44?
44
Suppose -8*x - 422 = -590. Calculate the greatest common divisor of x and 105.
21
Let t = -2136 - -2412. What is the highest common factor of t and 2300?
92
Suppose 5*d + 3*h - 287 = 0, 4*d + 0*h - 230 = -2*h. Suppose -9*m + 7*m - d = 0. Let t = m - -57. What is the highest common factor of t and 308?
28
Suppose 2*x + 6 = 0, -104*r + 2033 = -100*r - 3*x. What is the highest common factor of r and 207?
23
Let d be 936/65*(1365/52)/21. Let y(l) = 9*l - 2. Let u be y(-4). Let h = u + 74. Calculate the highest common divisor of d and h.
18
Suppose -253 = 5*m - 3*o - 11284, 3*m - 5*o - 6625 = 0. What is the greatest common divisor of m and 63?
63
Let h = -11 + 5. Let w be -2*657/h - -3. Suppose 4*k - 4*d = 448, -2*k + d = -0*d - w. What is the highest common factor of 10 and k?
10
Let w(v) = 11*v + 53. Let h be w(-49). Let t = h + 496. Calculate the highest common factor of t and 410.
10
Let l(y) = -26*y + 6. Let a be l(-6). Suppose 0 = -7*v - 2*b + 50 + 216, -173 = -5*v + b. Calculate the greatest common divisor of a and v.
18
Suppose -4*d = -1325 + 141. Let x be (-4)/((3 + -7)/8). What is the greatest common divisor of d and x?
8
Let z be (-24862)/(-28) - ((-54)/21 - (-105)/42). What is the highest common factor of 111 and z?
111
Let a(m) = -182 + 5 - 4098*m + 4145*m. Let x be a(4). What is the greatest common divisor of x and 803?
11
Let j = 2903 + -2595. Calculate the greatest common factor of j and 264.
44
Let d be (-6)/(-15) - (-72)/(-30). Let o be 5/(5/46) - (-4)/d. Let t be -15*((-10)/35 + o/(-42)). What is the greatest common divisor of 2 and t?
2
Let r = 5 + 1. Let g(d) = -3*d + 45. Let t(u) = u + 1. Let w(h) = g(h) - 3*t(h). Let v be w(3). What is the highest common divisor of r and v?
6
Let p(c) = -3*c + 3. Let q be p(0). Let n be 0 + 3*(-2)/q. Let f be n*(3 + (-79)/(-2))*-2. What is the greatest common factor of f and 68?
34
Let u be 68*(0 + 2)*(-3)/(-6). Suppose 8*j = 5*j - 3*x + 150, -4*j + x + 205 = 0. Calculate the greatest common factor of u and j.
17
Let v = -1577 - -1580. Let p be (2*29)/(5 - 3). Suppose 5*i + 6*u = u + 65, i - p = v*u. What is the greatest common divisor of i and 187?
17
Let c be ((-7)/(-3))/((-38)/(-342)). Suppose c + 43 = 16*u. What is the greatest common factor of u and 12?
4
Let s be 42 - ((5 - (-9 - -21)) + 3). What is the highest common factor of s and 1978?
46
Let j be 145/15 + (-13)/(-39). Let z be ((-224)/10)/((-4)/j). Let y = -4 + 11. What is the greatest common factor of y and z?
7
Let d be (-196 - (-100)/20)/((-2)/18). What is the highest common divisor of 9 and d?
9
Let p be 1 + 6 - 128/(-32). Suppose 0 = 3*b - 50 - 16. What is the greatest common divisor of p and b?
11
Let i(z) = 51*z**2 - 6. Let v be i(-2). Suppose 5 = -s, 15 = 4*h - 3*s - 16. Let t be (19 - -2) + h/4. Calculate the greatest common factor of v and t.
22
Let w be 6 - 7 - -6*(-2 + 3). Suppose f - 266 = -5*h, w*h + 4*f = 4*h + 57. What is the highest common factor of h and 106?
53
Suppose -3 = 22*a - 23*a, 2*y - a - 1629 = 0. Calculate the greatest common factor of 918 and y.
102
Suppose 2*s - 7 - 69 = -4*n, -2*s = -2*n + 26. Let u(i) = 544*i**3 - i**2 + 7*i - 6. Let c be u(1). Calculate the greatest common divisor of c and n.
17
Let q = -80 + -147. Let u = q + 350. What is the greatest common divisor of 3 and u?
3
Suppose -2*q - q = 7*q - 3680. What is the highest common divisor of 80 and q?
16
Let m be 221/10 + (-1)/10. Suppose -4*k + m = -38. Calculate the greatest common factor of